s divided by 195?
79
What is the remainder when 147 is divided by 113?
34
What is the remainder when 16671 is divided by 23?
19
What is the remainder when 375 is divided by 14?
11
Calculate the remainder when 254 is divided by 160.
94
What is the remainder when 487 is divided by 90?
37
What is the remainder when 672 is divided by 133?
7
What is the remainder when 283 is divided by 95?
93
Calculate the remainder when 289 is divided by 29.
28
What is the remainder when 372 is divided by 76?
68
What is the remainder when 131 is divided by 34?
29
Calculate the remainder when 104 is divided by 8.
0
What is the remainder when 272 is divided by 61?
28
Calculate the remainder when 354 is divided by 30.
24
What is the remainder when 350 is divided by 107?
29
Calculate the remainder when 99 is divided by 31.
6
Calculate the remainder when 1491 is divided by 6.
3
What is the remainder when 540 is divided by 14?
8
Calculate the remainder when 340 is divided by 31.
30
What is the remainder when 2513 is divided by 2?
1
Calculate the remainder when 1357 is divided by 274.
261
What is the remainder when 288 is divided by 22?
2
What is the remainder when 530 is divided by 38?
36
Calculate the remainder when 2619 is divided by 2610.
9
What is the remainder when 6446 is divided by 50?
46
What is the remainder when 409 is divided by 50?
9
Calculate the remainder when 13939 is divided by 168.
163
What is the remainder when 13265 is divided by 84?
77
Calculate the remainder when 66 is divided by 31.
4
Calculate the remainder when 50 is divided by 48.
2
What is the remainder when 392 is divided by 19?
12
What is the remainder when 263 is divided by 33?
32
Calculate the remainder when 834 is divided by 44.
42
Calculate the remainder when 713 is divided by 49.
27
What is the remainder when 199 is divided by 50?
49
What is the remainder when 10232 is divided by 320?
312
What is the remainder when 151 is divided by 19?
18
What is the remainder when 262 is divided by 25?
12
What is the remainder when 388 is divided by 36?
28
What is the remainder when 112 is divided by 15?
7
Calculate the remainder when 37 is divided by 19.
18
Calculate the remainder when 104 is divided by 24.
8
Calculate the remainder when 114 is divided by 58.
56
Calculate the remainder when 37402 is divided by 9.
7
Calculate the remainder when 2186 is divided by 15.
11
Calculate the remainder when 8112 is divided by 19.
18
Calculate the remainder when 895 is divided by 64.
63
Calculate the remainder when 988 is divided by 16.
12
Calculate the remainder when 54 is divided by 42.
12
Calculate the remainder when 4180 is divided by 17.
15
Calculate the remainder when 1712 is divided by 156.
152
Calculate the remainder when 147 is divided by 46.
9
What is the remainder when 3311 is divided by 107?
101
What is the remainder when 594 is divided by 1?
0
Calculate the remainder when 4177 is divided by 220.
217
What is the remainder when 805 is divided by 390?
25
Calculate the remainder when 365 is divided by 23.
20
What is the remainder when 209 is divided by 5?
4
What is the remainder when 582 is divided by 195?
192
Calculate the remainder when 15 is divided by 3.
0
What is the remainder when 206 is divided by 125?
81
What is the remainder when 4007 is divided by 1000?
7
Calculate the remainder when 355 is divided by 17.
15
What is the remainder when 100 is divided by 35?
30
Calculate the remainder when 167 is divided by 17.
14
Calculate the remainder when 37 is divided by 16.
5
What is the remainder when 47 is divided by 18?
11
Calculate the remainder when 353 is divided by 15.
8
What is the remainder when 5642 is divided by 83?
81
Calculate the remainder when 54 is divided by 34.
20
Calculate the remainder when 178 is divided by 85.
8
Calculate the remainder when 646 is divided by 9.
7
Calculate the remainder when 186 is divided by 74.
38
Calculate the remainder when 317 is divided by 64.
61
What is the remainder when 1790 is divided by 11?
8
Calculate the remainder when 127 is divided by 37.
16
Calculate the remainder when 84 is divided by 29.
26
What is the remainder when 585 is divided by 204?
177
What is the remainder when 212 is divided by 10?
2
What is the remainder when 344 is divided by 25?
19
Calculate the remainder when 4308 is divided by 22.
18
Calculate the remainder when 225 is divided by 23.
18
What is the remainder when 119 is divided by 65?
54
What is the remainder when 479 is divided by 64?
31
Calculate the remainder when 79 is divided by 25.
4
Calculate the remainder when 3316 is divided by 40.
36
What is the remainder when 275 is divided by 134?
7
Calculate the remainder when 670 is divided by 216.
22
Calculate the remainder when 192 is divided by 32.
0
Calculate the remainder when 65 is divided by 16.
1
Calculate the remainder when 55 is divided by 9.
1
What is the remainder when 7485 is divided by 19?
18
Calculate the remainder when 561 is divided by 47.
44
Calculate the remainder when 68 is divided by 7.
5
What is the remainder when 219 is divided by 55?
54
What is the remainder when 252 is divided by 5?
2
What is the remainder when 19 is divided by 6?
1
What is the remainder when 103 is divided by 22?
15
Calculate the remainder when 367 is divided by 2.
1
What is the remainder when 353 is divided by 113?
14
Calculate the remainder when 461 is divided by 39.
32
Calculate the remainder when 1347 is divided by 90.
87
Calculate the remainder when 3977 is divided by 40.
17
Calculate the remainder when 6795 is divided by 424.
11
What is the remainder when 2547 is divided by 29?
24
What is the remainder when 480 is divided by 123?
111
What is the remainder when 377 is divided by 19?
16
Calculate the remainder when 69 is divided by 38.
31
What is the remainder when 1889 is divided by 105?
104
Calculate the remainder when 2178 is divided by 361.
12
Calculate the remainder when 92 is divided by 5.
2
What is the remainder when 224 is divided by 74?
2
What is the remainder when 3742 is divided by 78?
76
What is the remainder when 1091 is divided by 26?
25
What is the remainder when 2418 is divided by 407?
383
What is the remainder when 297 is divided by 20?
17
Calculate the remainder when 430 is divided by 66.
34
What is the remainder when 100 is divided by 53?
47
Calculate the remainder when 1271 is divided by 14.
11
Calculate the remainder when 77 is divided by 27.
23
Calculate the remainder when 326 is divided by 32.
6
What is the remainder when 2071 is divided by 14?
13
What is the remainder when 399 is divided by 102?
93
What is the remainder when 114 is divided by 34?
12
Calculate the remainder when 176 is divided by 48.
32
What is the remainder when 171 is divided by 23?
10
Calculate the remainder when 577 is divided by 58.
55
Calculate the remainder when 430 is divided by 75.
55
What is the remainder when 142 is divided by 138?
4
What is the remainder when 12068 is divided by 2413?
3
What is the remainder when 245 is divided by 65?
50
What is the remainder when 3266 is divided by 27?
26
Calculate the remainder when 280 is divided by 144.
136
Calculate the remainder when 38 is divided by 26.
12
Calculate the remainder when 778 is divided by 27.
22
What is the remainder when 703 is divided by 12?
7
Calculate the remainder when 347 is divided by 32.
27
Calculate the remainder when 8713 is divided by 80.
73
Calculate the remainder when 5165 is divided by 76.
73
What is the remainder when 23807 is divided by 48?
47
Calculate the remainder when 319 is divided by 62.
9
Calculate the remainder when 1546 is divided by 18.
16
What is the remainder when 151 is divided by 3?
1
What is the remainder when 1188 is divided by 174?
144
What is the remainder when 1787 is divided by 1784?
3
What is the remainder when 3073 is divided by 13?
5
Calculate the remainder when 2694 is divided by 223.
18
Calculate the remainder when 70 is divided by 37.
33
Calculate the remainder when 310 is divided by 22.
2
What is the remainder when 94 is divided by 6?
4
Calculate the remainder when 381 is divided by 11.
7
What is the remainder when 40 is divided by 4?
0
Calculate the remainder when 335 is divided by 48.
47
What is the remainder when 3768 is divided by 111?
105
What is the remainder when 10241 is divided by 